 - 105. Let h(f) = -2*f**2 + 18*f + 14. Give h(k).
-6
Suppose 0 = 3*t + 5 + 1. Let o(v) = -3*v - 5. Let b(z) = -2. Let l(g) = 1. Let k(p) = 4*b(p) + 9*l(p). Let s(q) = -5*k(q) - o(q). What is s(t)?
-6
Suppose -3*q + 4 = q - 3*g, 5*q + 3*g = 32. Let m(w) = w - 7. Let a(v) = 2*v - 10. Let n(f) = 5*a(f) - 7*m(f). Determine n(q).
11
Let u(a) = -6 - 27*a + 37*a - 13*a. Calculate u(-5).
9
Let a(b) be the first derivative of -b**4/4 - b**3 + 2*b**2 - 5*b + 123. Determine a(-4).
-5
Let i be (-3 - -1)*(-8 + 77/14). Let s(q) = -q**3 + 5*q**2 + q - 12. Calculate s(i).
-7
Let l(b) = -b**2 + 20*b + 21. Let w be l(21). Let g be (4 - (w - 0))*21/14. Let i(q) = q**3 - 7*q**2 + 8*q - 6. Give i(g).
6
Let y(z) = 8*z**3 - 2*z**2 - 2*z. Let x be y(-1). Let s(d) = -d - 19. Calculate s(x).
-11
Suppose 0 = -66*y + 63*y - 9. Let p(z) = -z**2 - 3*z - 4. What is p(y)?
-4
Let d(h) = h**2 - 11. Let l(q) = -q - 1. Let n(u) = d(u) - 5*l(u). Suppose 3*w = -6, 0*t + t - 2*w - 11 = 0. Let c be (-2)/t - (-40)/(-7). Calculate n(c).
0
Let h(k) = 2 + 35*k + 5*k - 19*k + 4*k**2 - 23*k. Let u = 7 + -5. What is h(u)?
14
Let d(i) be the first derivative of -2*i**2 - 7*i - 38. Determine d(5).
-27
Let c(x) = 5*x - 15*x + 4 + 9*x. Suppose -20 = -3*f - f. What is c(f)?
-1
Let i = -460 + 466. Let s(x) = x - 3. What is s(i)?
3
Let y(f) = 1498 - 1510 + f + 2*f. Calculate y(7).
9
Let w be -23 + 143/13 - -13. Let s(u) = 17*u**3 - u. Determine s(w).
16
Let p(k) = -13*k**3 - 10*k**2 - 2*k - 3. Let a(g) = -11*g**3 - 9*g**2 - g - 2. Let f(x) = 6*a(x) - 5*p(x). What is f(-4)?
-13
Suppose -3*f = -3 - 15. Suppose 3*j + 2*b - 3*b = 8, -3*j + f = -3*b. Let q(h) = 5*h - 5*h**2 - j*h - 3*h**2 - 2*h**2 - 1. Determine q(1).
-9
Let p(r) = r**3 + 10*r**2 - 13. Let a = -1087 + 1077. What is p(a)?
-13
Let v be -6*(15/(-50) - 20/(-25)). Let m(h) = -h**2 - h - 5. Let g(r) = -2*r**2 - 2*r - 6. Let b(n) = 2*g(n) - 3*m(n). Calculate b(v).
-3
Let p(c) = 6*c**2 - 1. Suppose 0*z - 10 = -5*m + 5*z, -5*m - 2*z + 10 = 0. Let i be ((-9 + -3)/(-2))/m. Suppose -2*o - o = i. Give p(o).
5
Let y(w) = -50*w - 9. Let c(s) = -135*s - 28. Let f(d) = 3*c(d) - 8*y(d). Give f(-11).
43
Let p be 7*(-6 - -13 - 8). Let x(u) = 3*u + 3. Calculate x(p).
-18
Let c(d) = d**3 - 6*d**2 - 6*d + 12. Suppose 31*q - 43*q + 84 = 0. What is c(q)?
19
Let t(n) = 5*n**3 - n**2 - n. Suppose 10*i = i - 639. Let d = 70 + i. Give t(d).
-5
Let f(z) = -3*z**3 - 2*z**2 + 1. Suppose 0*i - 10 = -4*x + 5*i, 7 = 3*x - 4*i. Let v be -2 + x/((-20)/(-12)). What is f(v)?
-4
Let t(w) = 3*w + 4. Let y(d) = 7*d + 9. Let u(j) = -9*t(j) + 4*y(j). Let s be (104/(-12) + 7)/((-1)/3). Determine u(s).
5
Let r(j) be the second derivative of 2 - 34*j + 1/6*j**3 + 11/2*j**2. What is r(-8)?
3
Let d(x) = -9*x**2 + 12*x - 9. Let k(f) = -f**2 - 1. Let m(z) = -d(z) + 6*k(z). Calculate m(5).
18
Let g be (-1 + (-2)/8)/((-192)/(-768)). Let t(h) = -h - 3. Determine t(g).
2
Let v be ((-12)/15)/(2/(-5)). Let f(r) be the third derivative of -1/8*r**4 - 1/60*r**5 + 0*r + 0 + 4*r**2 + 1/6*r**3. Determine f(v).
-9
Let w(u) = 4*u**3 + 4*u**2 + 8*u - 8. Let p be 1/(21/69) + 2/(-7). Let g(m) = 7*m**3 + 9*m**2 + 16*m - 15. Let o(r) = p*g(r) - 5*w(r). Calculate o(-6).
-17
Let u(x) = x**3 - x + 1. Let w(y) = -4*y**3 + y**2 + 3*y - 4. Let i(l) = -3*u(l) - w(l). Let b be ((-6)/(-4))/((-3)/4). Give i(b).
-11
Let y(v) = -v**3 + 56*v**2 - 5 + 4*v + 65*v**2 - 125*v**2 - 1. Calculate y(-5).
-1
Let m(n) = n**2 + 9*n + 7. Suppose -4 = 3*s + 20. Let d(b) = b**3 + 8*b**2 + 2*b + 9. Let p be d(s). Give m(p).
-7
Let y(i) = 16 - 2 + 5 + 4 + 2*i - 6*i. What is y(7)?
-5
Let w(g) = -g - 2. Let u(x) = 3*x**2 + 6*x + 6. Let q(z) = -u(z) - 3*w(z). Let c(n) = -2*n - 14. Let b be c(-6). What is q(b)?
-6
Let j(f) = -6*f. Let k(w) = -1. Let g(x) = j(x) + 3*k(x). Suppose 3*r - 33 = -39. Give g(r).
9
Let f(d) be the third derivative of -d**9/60480 - d**8/20160 - d**7/5040 + 13*d**5/60 - 7*d**2. Let b(w) be the third derivative of f(w). What is b(-2)?
6
Let d(b) = -b**3 + 4*b**2 + 2*b + 12. Let i be d(5). Let r(w) = -10*w**2 + 3*w + 8*w**2 - w**3 + 0*w**3. Calculate r(i).
0
Let i = 16 - 13. Suppose 5*o + 20 = i*c - c, 0 = o. Let p(x) = 5*x - c*x + 6*x - 13. Give p(8).
-5
Let g(c) = -4*c**2 + 4*c - 2. Let l(v) = -3*v**2 + 2*v - 2. Let s(w) = w. Let y(x) = l(x) + 2*s(x). Let n(o) = -2*g(o) + 3*y(o). What is n(2)?
2
Let g(t) be the first derivative of 9*t**4/4 + t**3/3 + t**2/2 - 46. Let v be (-2)/((1*-4)/(-2)). Determine g(v).
-9
Let a(i) = -4*i**3 + i**2 - i + 1. Let v(b) be the second derivative of b**4/12 + b**3 - 3*b**2 - 33*b. Let j be v(1). What is a(j)?
-3
Suppose 4*m + 1 = -3*u, 3 = 5*m + 3*u + 2. Let p(b) = b**3 + b**2 + m - 6 + 3*b**2. Calculate p(-3).
5
Let n(d) be the third derivative of -d**5/30 - 11*d**4/24 - d**3 - 31*d**2 - 6. Determine n(-6).
-12
Let c(w) be the first derivative of w - 15. Let l(u) = -1 - 4*u**2 + 0 + 3*u**2 + 2*u. Let v(a) = -3*c(a) + l(a). Determine v(3).
-7
Suppose -2*p + 395 = 3*y - 3*p, -2*y = 3*p - 245. Let j = y + -137. Let c(d) = -d**2 - 5*d - 8. Give c(j).
-22
Suppose -9*t + 7*t - 134 = 0. Let b = t + 70. Let f(o) = 2*o - 1. Give f(b).
5
Suppose 4 + 101 = 7*k. Let o(j) = -2*j**2 + 2*j - j**2 - 14 + k. Calculate o(-2).
-15
Let q(b) = -2*b - 8. Suppose -4*k = -p - 12, 0*k - 2*p = k - 3. Suppose -16 + 1 = -k*m. Suppose 4*o + 10 = 3*o - 2*v, -m*o = -2*v + 26. Give q(o).
4
Suppose -2*f = 3*i + 17, i + 5*f + 8 = 2*f. Let x(t) = -t**3 - 4*t**2 + 2*t + 3. What is x(i)?
18
Suppose -2*t - 3*t - 15 = 0. Let w be (4/(-3))/(1/t). Let c(x) be the first derivative of x**4/4 - 4*x**3/3 - x**2/2 + x + 2. Calculate c(w).
-3
Let p(j) = -2*j + 3*j - j**2 - 2*j. Suppose -6*g + 4*f = -2*g + 212, -f - 63 = g. Let k = g - -58. Calculate p(k).
0
Let i(s) = 16*s**2 - 5*s + 5. Let l(b) = -b**2 + b - 1. Let o = -48 - -47. Let t(c) = o*i(c) - 5*l(c). Determine t(1).
-11
Let w(t) be the first derivative of -t**2 + t + 3. Let o be -6 - (-1)/((-2)/(-24)). Calculate w(o).
-11
Let n(z) = z - 11. Suppose 52 = 4*a - 2*d + 20, -2*d = 0. Calculate n(a).
-3
Let n be 12/(-18) + (-26)/6. Let j be n/10 + 3/(-2). Let m(r) = r**2 - 4*r - 3. Determine m(j).
9
Suppose -53 = -2*m + 161. Let r(k) = m*k + 2 - 108*k + k**2 + 1. Calculate r(0).
3
Let s(d) be the second derivative of -3/2*d**3 + 0 - 7*d + 3/2*d**2. Give s(3).
-24
Let f = 20 + -3. Let y = f - 22. Let o(w) = w**2 + 7*w + 7. Let d(s) = -s - 1. Let v(l) = -3*d(l) - o(l). Determine v(y).
-9
Suppose -15 = -d - 2*x + 3*x, -4*d + 2*x + 50 = 0. Let t = -7 + d. Let v be (0*(-1)/t)/(-2). Let w(j) = -j**3 - j**2 + j + 7. Determine w(v).
7
Let n(r) = 7*r + 1. Let u = 0 - 1. Suppose 3*v + 4 = -3*q - 2, -4 = 2*v + 3*q. Let s = u - v. What is n(s)?
8
Let v(t) be the second derivative of 5*t**3/6 - 29*t**2/2 - 26*t. Give v(7).
6
Let s(n) = -n**2 - n + 1. Let x = 93 + -89. Let i be 8/(-10) + x/5. Calculate s(i).
1
Let s(q) = 5*q - 3. Let c(m) = 14*m - 8. Suppose -3*v + 4*g - 17 = 0, -10 = -5*v + 5*g - 35. Let z(d) = v*c(d) + 8*s(d). Determine z(-3).
6
Let y(k) = -2*k**2 + 95*k - 44. Let m be y(47). Let s(f) be the second derivative of -3*f**2 - 9*f + 0*f**4 + 1/6*f**m + 1/20*f**5 + 0. Calculate s(0).
-6
Let c(v) = 0 + 5 - 1. Suppose -6 = 3*d - q, 3*q = -d + 5*d + 3. Let b(z) = z - 2. Let f(n) = d*c(n) - 4*b(n). Give f(-3).
8
Let a(v) = -v**2 - 6. Let h(w) = 7*w**3 + 43*w**2 + 8*w + 17. Let j be h(-6). Calculate a(j).
-31
Let j be ((-6)/5)/(2 + (-36)/15). Let m(f) = -30*f**j + 1 - 29*f**3 + 58*f**3 - 4*f - 6*f**2. What is m(-5)?
-4
Let q(x) = -x**3 - 4*x**2 - 5*x + 4. Suppose 7*c - 28 = 5*a + 5*c, 0 = a + 3*c - 8. Determine q(a).
24
Let b(z) be the first derivative of -5*z**4/12 - z**3/2 - 14*z**2 - 42. Let f(u) be the second derivative of b(u). Give f(-3).
27
Suppose 28*h + r + 1 = 31*h, 30 = 5*h + 4*r. Let q(x) = x - 3. What is q(h)?
-1
Let l = -8 - -14. Suppose 0 = -2*i + l, -2*g + 1 - 9 = -4*i. Let m(s) = -5*s**2 - 5 + 3*s**g - 4*s + 3*s**2 + 8*s. What is m(-5)?
0
Let r(c) = -1 + 4*c - 141*c**2 - 133*c**2 + 273*c**2. What is r(5)?
-6
Let p(x) = -2*x**3 + x**2. Let u(m) = 3*m**3 - 6*m**2 + 4*m + 2. Let y(t) = -p(t) - u(t). Determine y(5).
-22
Let i(j) = -1. Let f(d) = -4*d + 10. Let b(w) = f(w) + 8*i(w). Calculate b(2).
-6
Let m(v) = v + 2 + 8*v - 11*v + 4 - v. Determine m(-4).
18
L